{"id":2,"date":"2024-10-02T14:41:05","date_gmt":"2024-10-02T12:41:05","guid":{"rendered":"https:\/\/www.tiskarnadecibel.cz\/?page_id=2"},"modified":"2024-10-02T16:20:19","modified_gmt":"2024-10-02T14:20:19","slug":"zkusebni-stranka","status":"publish","type":"page","link":"https:\/\/www.tiskarnadecibel.cz\/","title":{"rendered":"Tisk\u00e1rna Decibel"},"content":{"rendered":"\n<figure class=\"wp-block-image size-full is-resized is-style-default\"><img loading=\"lazy\" decoding=\"async\" width=\"432\" height=\"155\" src=\"https:\/\/www.tiskarnadecibel.cz\/wp-content\/uploads\/2024\/10\/cropped-db_colo2.png\" alt=\"\" class=\"wp-image-22\" style=\"width:432px;height:auto;margin-bottom:30px;margin-top:-40px;\" srcset=\"https:\/\/www.tiskarnadecibel.cz\/wp-content\/uploads\/2024\/10\/cropped-db_colo2.png 432w, https:\/\/www.tiskarnadecibel.cz\/wp-content\/uploads\/2024\/10\/cropped-db_colo2-300x108.png 300w\" sizes=\"auto, (max-width: 432px) 100vw, 432px\" \/><\/figure>\n\n\n\n<p><\/p>\n\n\n\n<p>Tisk\u00e1rna, kniha\u0159sk\u00fd provoz, litografick\u00e9 studio. Polygrafick\u00e9 slu\u017eby. Ofsetov\u00e1 tisk\u00e1rna, knih\u00e1rna, DTP, direct mailing.<\/p>\n\n\n\n<p>Ofsetov\u00fd tisk: let\u00e1ky, bro\u017eury, kalend\u00e1\u0159e atd., vazba knih a publikac\u00ed, krou\u017ekov\u00e1 vazba, laminace, v\u00fdsek, atd.<\/p>\n\n\n\n<p>DTP pr\u00e1ce grafick\u00e9ho studia, osvit kovolist\u016f.<\/p>\n\n\n\n<p>Cokoliv pot\u0159ebujete vytisknout\u2026<br>Cokoliv pot\u0159ebujete kniha\u0159sky zpracovat\u2026<\/p>\n\n\n\n<p>\u2026prost\u011b jen zavolejte.<\/p>\n\n\n\n<p class=\"has-larger-font-size\"><strong>606 728 907<\/strong><\/p>\n","protected":false},"excerpt":{"rendered":"<p>Tisk\u00e1rna, kniha\u0159sk\u00fd provoz, litografick\u00e9 studio. Polygrafick\u00e9 slu\u017eby. Ofsetov\u00e1 tisk\u00e1rna, knih\u00e1rna, DTP, direct mailing. Ofsetov\u00fd tisk: let\u00e1ky, bro\u017eury, kalend\u00e1\u0159e atd., vazba knih a publikac\u00ed, krou\u017ekov\u00e1 vazba, laminace, v\u00fdsek, atd. DTP pr\u00e1ce grafick\u00e9ho studia, osvit kovolist\u016f. Cokoliv pot\u0159ebujete vytisknout\u2026Cokoliv pot\u0159ebujete kniha\u0159sky zpracovat\u2026&#8230; <a class=\"more-link\" href=\"https:\/\/www.tiskarnadecibel.cz\/\">Pokra\u010dovat ve \u010dten\u00ed &rarr;<\/a><\/p>\n","protected":false},"author":1,"featured_media":0,"parent":0,"menu_order":0,"comment_status":"closed","ping_status":"open","template":"","meta":{"footnotes":""},"class_list":["post-2","page","type-page","status-publish","hentry"],"_links":{"self":[{"href":"https:\/\/www.tiskarnadecibel.cz\/index.php?rest_route=\/wp\/v2\/pages\/2","targetHints":{"allow":["GET"]}}],"collection":[{"href":"https:\/\/www.tiskarnadecibel.cz\/index.php?rest_route=\/wp\/v2\/pages"}],"about":[{"href":"https:\/\/www.tiskarnadecibel.cz\/index.php?rest_route=\/wp\/v2\/types\/page"}],"author":[{"embeddable":true,"href":"https:\/\/www.tiskarnadecibel.cz\/index.php?rest_route=\/wp\/v2\/users\/1"}],"replies":[{"embeddable":true,"href":"https:\/\/www.tiskarnadecibel.cz\/index.php?rest_route=%2Fwp%2Fv2%2Fcomments&post=2"}],"version-history":[{"count":12,"href":"https:\/\/www.tiskarnadecibel.cz\/index.php?rest_route=\/wp\/v2\/pages\/2\/revisions"}],"predecessor-version":[{"id":37,"href":"https:\/\/www.tiskarnadecibel.cz\/index.php?rest_route=\/wp\/v2\/pages\/2\/revisions\/37"}],"wp:attachment":[{"href":"https:\/\/www.tiskarnadecibel.cz\/index.php?rest_route=%2Fwp%2Fv2%2Fmedia&parent=2"}],"curies":[{"name":"wp","href":"https:\/\/api.w.org\/{rel}","templated":true}]}}

Tiskárna Decibel

<figure class="wp-block-image size-full is-resized is-style-default"><img loading="lazy" decoding="async" width="432" height="155" src="https://www.tiskarnadecibel.cz/wp-content/uploads/2024/10/cropped-db_colo2.png" alt="" class="wp-image-22" style="width:432px;height:auto;margin-bottom:30px;margin-top:-40px;" srcset="https://www.tiskarnadecibel.cz/wp-content/uploads/2024/10/cropped-db_colo2.png 432w, https://www.tiskarnadecibel.cz/wp-content/uploads/2024/10/cropped-db_colo2-300x108.png 300w" sizes="auto, (max-width: 432px) 100vw, 432px" /></figure>



<p></p>



<p>Tiskárna, knihařský provoz, litografické studio. Polygrafické služby. Ofsetová tiskárna, knihárna, DTP, direct mailing.</p>



<p>Ofsetový tisk: letáky, brožury, kalendáře atd., vazba knih a publikací, kroužková vazba, laminace, výsek, atd.</p>



<p>DTP práce grafického studia, osvit kovolistů.</p>



<p>Cokoliv potřebujete vytisknout…<br>Cokoliv potřebujete knihařsky zpracovat…</p>



<p>…prostě jen zavolejte.</p>



<p class="has-larger-font-size"><strong>606 728 907</strong></p>

<p>Tiskárna, knihařský provoz, litografické studio. Polygrafické služby. Ofsetová tiskárna, knihárna, DTP, direct mailing. Ofsetový tisk: letáky, brožury, kalendáře atd., vazba knih a publikací, kroužková vazba, laminace, výsek, atd. DTP práce grafického studia, osvit kovolistů. Cokoliv potřebujete vytisknout…Cokoliv potřebujete knihařsky zpracovat…&#8230; <a class="more-link" href="https://www.tiskarnadecibel.cz/">Pokračovat ve čtení &rarr;</a></p>
